l(w) = w**2 - 6*w + 2. Let a be l(8). Suppose 72 - a = 2*s. What is the units digit of s?
7
Suppose m - 3 = -13. What is the units digit of (-6)/15 + (-224)/m?
2
Let g(j) = -4*j + 3. Let a(h) = h - 1. Let l be a(7). Let z be g(l). What is the units digit of (-90)/z + (-4)/14?
4
Suppose -11 = -o - 0. What is the tens digit of o?
1
Let j = -35 - -16. Let l = 11 + j. Let a = 8 - l. What is the tens digit of a?
1
Suppose -13*v = -9*v - 140. What is the units digit of v?
5
Let w be ((-6)/(-9))/(4/6). Let p = -11 + 52. Suppose 4*m - p + w = 0. What is the tens digit of m?
1
Let p be (-18)/(-1 - 2/4). Suppose 0 = 2*q - 4*q + p. What is the units digit of q?
6
Let o be (1*-3)/(-3) - -1. Let x(c) = c**3 + c**2 + c - 2. What is the tens digit of x(o)?
1
Suppose 5*k - 50 = -z, z + 4*k = 4*z - 207. What is the tens digit of z?
6
Suppose 0 = 3*v - 4*v + 5. Suppose -3*h = -2*h - 4. Suppose -h = v*g - 7*g. What is the units digit of g?
2
Suppose -p = -9 - 4. Suppose 0 = -2*b - 5*s + p, 5*b + 0*b = s + 73. What is the units digit of b?
4
What is the tens digit of ((-160)/(-25))/(5/50)?
6
Let i = 7 - -32. What is the tens digit of i?
3
Let m be (8/(-16))/((-1)/6). Suppose 4*y = 4*c - 52, c - m*c + 5*y = -11. What is the tens digit of c?
1
Suppose -2*a - 31 + 9 = 0. Let f = 4 - a. What is the tens digit of f?
1
Let b(z) = -z**2 - 5*z + 4. Let l be b(-5). Let o(j) be the first derivative of -j**4/4 + 5*j**3/3 - j**2 - 5*j + 1. What is the units digit of o(l)?
3
What is the tens digit of ((-1080)/63)/(2/(-35))?
0
Suppose l + 3*c + 23 = 4*c, 10 = 2*c. What is the tens digit of (-27)/l*(-14)/(-1)?
2
What is the units digit of -510*2/(-2 + -1 + -2)?
4
Let q(u) = -2*u - 2. Let n be q(-2). Suppose 4*y - 3 = 3*g + 1, 28 = n*y + 5*g. What is the units digit of y?
4
Let c(l) = 18*l - 9. What is the tens digit of c(3)?
4
Let x(f) = f - 10. Suppose 13 = 2*v + u, 6*v - 5*v - 14 = u. Let y be x(v). What is the units digit of (2 + 1)*(-1)/y?
3
Let m(v) = 5*v**2 - 10*v + 17. What is the units digit of m(4)?
7
Let p(v) = 3*v**2 + v + 3. What is the units digit of p(-3)?
7
Suppose 5*s - 56 = 154. What is the units digit of s?
2
Let a = -206 + 259. What is the tens digit of a?
5
Let z(y) be the third derivative of -y**6/120 + y**5/12 - 5*y**4/24 + 5*y**3/6 - 3*y**2. What is the units digit of z(4)?
1
Let q(m) be the second derivative of m**6/720 + m**5/24 - m**4/12 - m. Let g(v) be the third derivative of q(v). What is the units digit of g(4)?
9
Let q = 118 + -105. What is the units digit of q?
3
Suppose 0 = -3*m - 3, -a = 4*m - 2*m - 90. Suppose -3*y + 7*y = a. What is the units digit of y?
3
Let n(h) = -2*h**3 - h**2 + h - 1. What is the units digit of n(-2)?
9
Let o(v) = -v**3 + 6*v**2 + v - 1. Let s be o(6). What is the units digit of (-1 - 1 - -2) + s?
5
Let a(j) = 2*j**3 - 6*j**2 + 5. What is the tens digit of a(4)?
3
Let q be (2 - -1) + 1*132. Suppose -q = -5*f + 2*k, 5*k - 64 - 19 = -2*f. What is the tens digit of f?
2
Suppose 0*w - w = -51. What is the units digit of w?
1
Suppose y + 2*y = -333. Suppose -z + 1 = -1. What is the units digit of y/(-12) - z/8?
9
Let m be (4/(-3))/((-4)/6). Suppose m*h = 20 - 2. What is the units digit of h?
9
Let g = -42 + 176. What is the tens digit of g?
3
Let k = -31 + 15. What is the units digit of k/6*(-36)/16?
6
Let a = -217 - -314. What is the units digit of a?
7
Let t be (6/10)/((-3)/(-15)). Let p(j) = -2*j + j + t - 7. What is the units digit of p(-8)?
4
Suppose 0 = 4*l + 6*z - z + 10, 5*z = -2*l - 10. Suppose -3*u + l*u + 6 = 0. Let k(v) = 5*v + 1. What is the tens digit of k(u)?
1
Let u(n) = -2*n**3 - 4*n**2 + 6*n + 6. What is the tens digit of u(-4)?
4
Let p = 585 + -322. What is the units digit of p?
3
Let l(h) = 2*h - 3*h + 1 + 0 - h**2. Let z be l(0). Suppose 0 = 4*n + z - 13. What is the units digit of n?
3
Let g be ((-10)/3)/((-2)/24). Let o = -21 + g. What is the tens digit of o?
1
Suppose -2*t - t - v = -13, -t - 2*v + 6 = 0. Suppose -t = -3*n - 3*k + 14, -k - 24 = -2*n. What is the units digit of n?
0
Let a = -33 + 50. What is the tens digit of a?
1
Let d(v) = 2*v**3 + 3*v**2 - v - 2. Let m be d(2). Suppose -24 - m = -4*l. What is the units digit of l?
2
Suppose 480 = 4*l + h, -5*l = 2*h + h - 593. What is the units digit of l?
1
Let b(t) = 30*t - 9. What is the tens digit of b(5)?
4
Let i(g) = -g - 6. Let x be i(-7). Let v = 0 + x. Let m = 9 - v. What is the units digit of m?
8
Suppose h = -17 + 239. What is the tens digit of h?
2
Let w(b) = -b - 4. Let o be w(-7). Suppose -4 = -o*c + 4*u - 0, -3*c + 44 = 4*u. What is the units digit of c?
8
Let k(w) = 8*w**2 - 1. Let l = 16 - 15. What is the units digit of k(l)?
7
Let y be (-12)/(-54) - 4/18. Suppose 0 = 3*g - 4*b - 7, -3 = g - y*b - 4*b. Suppose 0 = -4*i + 5*f + 27, g*f = 2*i + 3*i - 35. What is the units digit of i?
8
Let m = 9 + 2. Let f = m - 7. What is the units digit of f?
4
Let r = 15 + -9. Let p be (10/(-3))/((-4)/r). Suppose -p*t + 9 + 1 = 0. What is the units digit of t?
2
Suppose 3*h - 67 = 152. What is the units digit of h?
3
Suppose -2*i = -0*i - a + 8, -10 = -5*a. Suppose 5*j - 13 = 5*p - 78, -2*j + 9 = 5*p. Let v = i - j. What is the units digit of v?
5
Let k(n) = -2*n + 2. Suppose 3*l - 3*g - g = -22, -l + 2*g = 10. What is the units digit of k(l)?
6
Let s(z) = z**3 - 2*z**2 - z - 2. Let y be s(-3). Let f = -29 - y. What is the tens digit of f?
1
Let n be 6 + 3/((-9)/3). Suppose 4*o - n = -5*x + 6*x, 4*x + 20 = -2*o. Suppose -v - 3*v + 12 = o. What is the units digit of v?
3
Let c = -11 - -17. What is the units digit of (-6 + 5)*c/(-2)?
3
What is the tens digit of 18*((-10)/4 - -4)?
2
Let f(q) = 3*q**2 + 8*q - 20. What is the tens digit of f(5)?
9
Let n(w) be the second derivative of -w**5/20 + w**4 - 11*w**3/6 + 2*w**2 - 4*w. What is the units digit of n(11)?
4
Let a(s) = 7*s + 11*s - 4*s - 1 - 2*s. What is the tens digit of a(1)?
1
Let v = 5 - 7. What is the units digit of (-31)/(-2) + 3/v?
4
Let y = 3 + 4. Suppose -2*j = -13 - y. What is the tens digit of j?
1
Let l(r) = r**3 + 6*r**2 + r + 5. Let p be l(-6). Let y be (-1)/p*(1 - -2). What is the units digit of (-2 - -3)/(y/9)?
3
Let x(l) = -12*l - 12. What is the units digit of x(-5)?
8
Let c = 4 - 2. Let r(f) = -1 - c*f**2 + f**2 - 1 - 7*f - 2. What is the units digit of r(-4)?
8
Let i(t) = t**3 - 11*t**2 - t - 3. Let o be i(11). What is the units digit of (-18)/(-5) - o/35?
4
Suppose -l + 23 = -4*b, 4*b + 33 = 3*l - 20. What is the tens digit of l?
1
Let m be (-182)/(-39) + (-1)/(-3). Suppose 0 = l + m*r - 10 - 10, 0 = -4*r - 8. What is the tens digit of l?
3
Let y(c) = -c**3 + 6*c**2 + 10*c + 3. Let r be y(8). Let d = -10 - r. What is the units digit of d?
5
What is the tens digit of (62/(-6))/((-3)/18)?
6
Suppose -10*v - 168 = -13*v. What is the tens digit of v?
5
Let l(i) = -i**2 + 8*i - 3. Suppose -2*f - 17 = -n, -4 + 33 = 2*n - 3*f. What is the units digit of l(n)?
4
Let u be 0*((-15)/6)/5. Suppose p - 10 - 10 = u. What is the units digit of p?
0
Suppose 3*k + 2*v - v = 51, 2*k - v = 29. Suppose 5*i + 61 - k = 2*h, 0 = 5*i + 15. What is the units digit of h?
5
Suppose -3*x = r - 8, -5*x - 3*r = -8*r. Suppose -2*z = -2*w + 2*z + 24, 0 = 5*w - x*z - 28. What is the units digit of w?
4
Let b = -2 + 6. Suppose 7 + 41 = b*r. What is the units digit of r?
2
Let m(r) = 3*r**2 + r + 1. Let s be m(-1). Suppose -w - 3*f + 1 = 8, -15 = -s*w + 3*f. Suppose 5*x + h - 65 = 6*h, w*x + 4*h = 50. What is the units digit of x?
7
Let q = 49 - 15. What is the tens digit of q?
3
Suppose 4*a + 4*t - 60 = 0, -3*a + 0*t = -t - 49. Let v = a - 2. What is the tens digit of v?
1
Let u be 0 - -1 - (4 + -6). Let o be (-2)/(-2 - 7/(-4)). Let q = o - u. What is the units digit of q?
5
Let w(g) = -3*g - 22. What is the units digit of w(-10)?
8
Suppose -3*b - 2 = m, 4*b + 10 = 4*m - 9*m. What is the units digit of m + 8 - (-2 + 0)?
8
Let k be 38/4 + 1/2. Let g be (-16 + 1)/((-5)/k). Suppose -2*t - 2*u = -g, -3*u + u = -6. What is the units digit of t?
2
Let g = 10 - 5. Suppose 0 = -g*z + d + 20, -5*z + 3*d = -17 - 3. Suppose 2*q + z = 26. What is the tens digit of q?
1
Let o be 2*(2 + -1)*3. Let i be 2/4*o*1. Suppose z = 3*p + 13, i*z + 2*p - 5 = 1. What is the units digit of z?
4
Let p be (-19)/(-2) + 1/2. Suppose -54 